0)/(-6) - d/(-3)?
2, 29
Let h = 14 + -2. Let u be (h/(-9))/((-1)/3). Suppose -55 = -u*z + 45. List the prime factors of z.
5
Let o = 289 + -59. List the prime factors of o*(-4)/16*-2.
5, 23
Suppose 9 = 4*g + 1. Suppose -g*p - p = 0. Suppose p = -4*i - 20, 0*k + i - 48 = -k. List the prime factors of k.
53
Let b = 33 - 33. Suppose -6*o + 84 + 42 = b. List the prime factors of o.
3, 7
Let g = -12 - -22. Let h be 124/(-20) - (-2)/g. List the prime factors of ((-6)/(-12))/((-1)/h).
3
Suppose 2*m = 5*r + 38, r = -r. Let j = -8 - -11. Suppose 2*s - 5*c = m, -2*s - j*c - c + 28 = 0. List the prime factors of s.
2, 3
Suppose -6*p - 4528 = -10*p. What are the prime factors of p?
2, 283
Let u = 693 + 2767. What are the prime factors of u?
2, 5, 173
Suppose g - 1390 = -5*q, 2*q + 5*g = g + 574. What are the prime factors of q?
277
Let x = -531 - -577. List the prime factors of x.
2, 23
Let a = 2597 - 1419. What are the prime factors of a?
2, 19, 31
Let x = 50 - 101. Let y = 104 + x. List the prime factors of y.
53
Let w be -1 + 0 + -3 + 7. Suppose -51 + 21 = -f - 4*n, n = -w. What are the prime factors of f?
2, 3, 7
Let i = -54 + 162. Suppose -3*f - 2*c + 3*c = -148, -2*f + i = -3*c. List the prime factors of f.
2, 3
Let q(p) = -47*p + 1. Let a be q(5). Let g = -111 - a. List the prime factors of g.
3, 41
Let w(z) = 2*z**3 - 3*z**2 - 4*z + 14. Let u be w(6). Suppose -2*r + u = -4*x, 5*x - 2*x - 811 = -5*r. What are the prime factors of r?
7, 23
Let p(v) = -31*v + 91. What are the prime factors of p(-6)?
277
Let u be ((-20)/(-35))/((-8)/28). Let c(n) = 9*n**2 - 2*n**2 + 0 - n - 2. What are the prime factors of c(u)?
2, 7
Let x = 147 - 57. Suppose -134*a = -133*a - 18. Suppose 3*z = x + a. List the prime factors of z.
2, 3
Suppose -5*y = -0*d - d - 18, d = 2. Suppose -5*t + 6 = -3*c, -y*c = -4*t - 6*c - 4. Suppose t = 4*q - 114 + 6. What are the prime factors of q?
3
Let i(p) = 84*p - 59. What are the prime factors of i(10)?
11, 71
Suppose -415 = -5*d - 4*q, 4*d - 114 - 209 = -5*q. Suppose 4*c - 80 = 4*v, -2*v - d = -4*c - 5*v. What are the prime factors of c?
3, 7
Let o(i) = i**2 + 2*i + 7. Let b be o(-3). Suppose -6*t = -t - b. List the prime factors of t.
2
Let n(t) = 4*t**2 + 10*t + 14. Let z be n(15). Suppose -9*q + 2*q = -z. What are the prime factors of q?
2, 19
Suppose -3*r - 3 + 9 = 0. Suppose -4*b + 4*d = -696, 0 = r*d + 9 - 3. What are the prime factors of b?
3, 19
Let z(j) = j**3 + 8*j**2 + j - 11. Let l be z(-9). Let n = l - -152. Suppose -4*f = 4*t - 228, -t + 7*f = 2*f - n. What are the prime factors of t?
2, 7
Let t(w) be the first derivative of -w**3/3 - 4*w**2 + 13*w + 5. Let i be t(-9). Suppose i*k - k = 9. List the prime factors of k.
3
Let p(q) = 9*q - 4. Let k(g) = -g. Let m(r) = 4*k(r) + p(r). Suppose 4*d + 7 - 27 = 0. What are the prime factors of m(d)?
3, 7
Let s = 1252 + 285. List the prime factors of s.
29, 53
Suppose 4*j + 28 = 4*u, -3*u + 0 = 3. Let b be (-14)/(-2) - (-24)/j. Suppose b*o - 4*c - 29 = 3*o, 0 = 2*o + 4*c - 94. List the prime factors of o.
41
Let m = 144 + -36. Suppose 0 = -i + 3*i + m. Let p = -16 - i. What are the prime factors of p?
2, 19
Let p(l) = 8*l + 3. Let h be p(5). Let o(z) = -z**3 - 8*z**2 - 8*z - 2. Let x be o(-7). Suppose -x*t + h = -17. List the prime factors of t.
2, 3
Let q(r) = 5*r + 23. Let c be q(-5). What are the prime factors of 2*9 - (1 + c)?
19
Let k = -26 - -31. Suppose -5*d - 2*a + 44 = -269, 0 = 5*d - k*a - 285. What are the prime factors of d?
61
Let i be 3/6 - (-18)/4. Suppose -14 = -i*d + 6. Suppose 0*w - 3*w + 104 = 4*p, -107 = -d*w + p. List the prime factors of w.
2, 7
What are the prime factors of 15385/35 - (78/14 - 5)?
439
Let z(h) be the third derivative of h**6/40 - h**5/120 - h**4/8 + 4*h**3/3 + 12*h**2. Let n(m) be the first derivative of z(m). List the prime factors of n(-2).
5, 7
Let h(c) be the second derivative of c**4/4 - c**3/3 + 41*c**2 + 6*c. List the prime factors of h(0).
2, 41
Suppose -9*q - 4 = -7*q. List the prime factors of (q + -81)*6/(3 - 9).
83
Suppose 6*h - 2*a - 3218 = 2*h, -4*h + 3*a = -3217. List the prime factors of h.
5, 7, 23
Let s = -296 + 401. List the prime factors of s.
3, 5, 7
Let a(i) = 280*i**2 - 3*i - 7. List the prime factors of a(2).
3, 41
Suppose 2*x = -a + 95, -3*x = -13*a + 15*a - 192. List the prime factors of a.
3, 11
List the prime factors of (1 + 295)*550/220.
2, 5, 37
Let h = -1298 - -4634. List the prime factors of h.
2, 3, 139
Let p(x) = x**2 - 2*x - 1. Let w be p(4). Suppose 4*l + 4*m + 24 = 0, -4*l - w = -2*m + 5. List the prime factors of l/(-10)*(82 + -7).
2, 3, 5
Let u = -11 + 14. Suppose 2*b = -3*a + 395, 4*a + b = u*b + 508. List the prime factors of a.
3, 43
Let i(p) = -2*p - 2*p + 9 - 2 + 5*p. Let r be i(8). List the prime factors of 165/(-6)*(-12)/r.
2, 11
Let x = 119 - -36. Let a = -86 + x. What are the prime factors of a?
3, 23
Suppose 5*n = -g - 0*g + 885, 5*n - 855 = 5*g. List the prime factors of n.
2, 11
Suppose -2*f + 170 = -4*q, 0*f - q + 185 = 2*f. Let y = 137 - f. What are the prime factors of y?
2, 23
Suppose 53*y - 8273 = 24640. List the prime factors of y.
3, 23
Let f(h) = 21 - 17*h**2 + 10*h**2 + 14*h**2. What are the prime factors of f(6)?
3, 7, 13
Suppose 16*g = 34*g - 13500. List the prime factors of g.
2, 3, 5
Let k(x) be the third derivative of -x**5/60 + 5*x**4/8 + 5*x**3/6 - 9*x**2. Let g be -8 + 12 + 12/2. What are the prime factors of k(g)?
5, 11
Let y(o) = -2*o - 4*o**2 + 10 - 1 + 5*o**2 + 10*o. Suppose 18 = -3*s - 9. What are the prime factors of y(s)?
2, 3
Let c(m) = -m**2 + 4*m + 13. Let t be c(8). Let h = -1 - t. List the prime factors of h.
2, 3
Let r(w) = w**2 - 27*w + 46. What are the prime factors of r(31)?
2, 5, 17
Let i = -513 + 1013. List the prime factors of i.
2, 5
Let r(a) be the first derivative of 3*a**2 - 5*a - 2. Let l(n) = -5*n - 13. Let t be l(-3). List the prime factors of r(t).
7
Suppose -6 = 3*l - 4*l. What are the prime factors of l/12*(2 + 32)?
17
Suppose 10*q - 20*q + 2220 = 0. List the prime factors of q.
2, 3, 37
Let r = 1 - -3. Suppose -4*l - 16 = 0, 48 = r*j - l + 2*l. Suppose -5*d = -j - 47. What are the prime factors of d?
2, 3
Suppose 5*u + 4*l = 1022 + 643, -4*l + 999 = 3*u. Suppose 0 = 2*m - u - 5. List the prime factors of m.
13
Let x(d) = -19*d + 2. Let f be x(2). What are the prime factors of ((-15)/2)/(18/f)?
3, 5
List the prime factors of (-55726)/(-204) + (-1)/6.
3, 7, 13
Let b(c) = 2*c + 8. Let i be b(-5). List the prime factors of -94*(-1)/i*-1.
47
Let p be 401/5 + 6/(-30). Suppose -n = -6*n + p. Let a = 22 - n. What are the prime factors of a?
2, 3
Suppose 3*h = -2*u + 5*h + 536, -2*u = -5*h - 527. List the prime factors of u.
271
Let c = -135 - -151. What are the prime factors of (1336/c)/((-1)/(-4))?
2, 167
Let f(d) = -2*d. Suppose 3*y + 5*a + 46 = 0, 0*a = -3*y - 3*a - 36. Let z be f(y). Let l = 13 + z. What are the prime factors of l?
3
Let q be 1776/(-52) - (-2)/13. Let b = 45 + q. List the prime factors of b.
11
Let b(q) be the third derivative of q**5/60 - q**4/6 - 4*q**3/3 + 6*q**2. List the prime factors of b(-7).
3, 23
Let b(l) be the third derivative of l**4/8 - 19*l**3/6 + 4*l**2. What are the prime factors of b(14)?
23
Let b = -30 - -69. Suppose 5*n - b = 86. What are the prime factors of n?
5
Suppose 0 = y - 5*z + 12 + 1, 4*y + 3*z = 17. List the prime factors of 36*y/(3 - 1).
2, 3
Suppose 3*h - 4*h + 2 = 0. Let p be 14/h + (-4 - -2). Suppose 3*r - 16 = -d - 0*d, 20 = p*d. What are the prime factors of r?
2
Let l(h) = 2*h**2 - 2*h - 2. Let r be l(6). Let d = r - 41. List the prime factors of d.
17
Suppose -5*o + 16 = -q + 5*q, 16 = 4*q + 2*o. Suppose 0*a = 5*a + q*s - 1424, -s - 283 = -a. List the prime factors of a.
2, 71
Suppose 5*b - 21 = 4*c, 2*c = -4*b - 2*c - 12. Let z(s) = -7*s**2 - s. Let d be z(b). Let p = 20 + d. What are the prime factors of p?
2, 3
Let i = -999 + 1902. List the prime factors of i.
3, 7, 43
Suppose 13 = 4*l + 5. Suppose -l*p + 167 + 17 = 0. List the prime factors of (-1)/(-2 + 182/p).
2, 23
Let v(z) = -9*z - 1. Let o be v(1). List the prime factors of (-1610)/o + 4/(-1).
157
Let r(o) = -o**3 + 9*o**2 - 9*o + 9. Suppose -4*s + s + 2 = -2*z, 3*z = -3. Let x be (-21)/(-9)*(s - -3). List the prime factors of r(x)